 5*v + 4. Let w be g(0). Let c(f) = 3*f. Let a be c(1). Suppose -103 = -w*l + a*l. What is the tens digit of l?
0
Let l = -33523 - -88494. What is the units digit of l?
1
Let o be (-413700)/441 - 6/(-63). Let w = o - -1989. What is the hundreds digit of w?
0
Let k = -36 - -74. Suppose 33*i = k*i - 15. Suppose 4*g = -3*y + 12, -3*g - i*y - 4 + 10 = 0. What is the units digit of g?
6
Let v = 556 - 542. Suppose -v*m + 0*m + 19908 = 0. What is the tens digit of m?
2
Suppose 295726 = 165*s - 134264. What is the units digit of s?
6
What is the units digit of (-445022)/(-11) - 22/(-1331)*-33?
6
Let x = -2554 - -750. Let f = 2613 + x. What is the hundreds digit of f?
8
Suppose 5*v = 4*l + 1608, 1017 = 3*v - l + 55. Suppose 0 = 5*j - 290 - v. What is the tens digit of j?
2
Let u(j) = -j + 14. Let r(f) = 2*f**2 + 6*f. Let d be r(-4). Let y be u(d). What is the units digit of ((-12)/13)/y + (-4164)/(-26)?
0
Let f(o) = o**3 + 2*o**2 - 22*o + 186. What is the tens digit of f(24)?
3
Suppose -26 = -n - 1. Let s = -208 + 348. Suppose -5*w + n = -s. What is the units digit of w?
3
Suppose -15*n + 16*n = 149. Let g = -93 + n. Let a = g + 61. What is the tens digit of a?
1
Let b(l) = 2*l**2 - 21*l - 183. Let n be b(-6). Let o(w) = -111*w**3 - w. Let r be o(-1). Suppose r = h - n. What is the units digit of h?
7
Let l = -23545 - -25814. What is the tens digit of l?
6
Suppose 0 = -2*h + 6 - 4. Let f = h + -15. What is the tens digit of (30/(-7) - -4) + (-1866)/f?
3
Let t(q) be the third derivative of q**5/30 + q**4/12 - 7*q**3/2 - 105*q**2. Let p = 0 - 10. What is the tens digit of t(p)?
5
Suppose 0 = -u + 6*u - 5*n - 1645, 0 = 4*n + 16. Suppose -3*s - u = 5*f, 8 + 2 = 2*s. Let k = f + 148. What is the tens digit of k?
8
Let q(b) = 5900*b + 11195. What is the tens digit of q(8)?
9
Let i = -377 - -1546. What is the tens digit of i?
6
Let p(d) = -6*d**2 - 52*d + 19. Let g(q) = -3*q**2 - 26*q + 10. Let n(z) = 7*g(z) - 4*p(z). Let j be n(-9). What is the tens digit of (0/(-2))/(6/j) - -134?
3
Suppose 0 = -3*j + 3*f + 2277, 3*j + 144 = 2*f + 2418. Let n(a) = 3*a**3 + 11*a**2 + 4*a - 6. Let i be n(-7). Let t = i + j. What is the units digit of t?
2
Suppose -22*l = -61440 - 126330. What is the tens digit of l?
3
Let v be (-4)/(-54)*-3 + (-6)/(-27). Suppose v = 5*l - q - 597, 4*q = -3*l + 357 + 15. Let n = 286 - l. What is the tens digit of n?
6
Let p = -514 - -238. What is the units digit of (-5 - p)/(3/(-3) - -2)?
1
Let b be ((-252)/90)/((-4)/10). Suppose b*j - 1880 = 3*j. What is the units digit of j?
0
Let l(n) = 7*n - 29. Let h(j) = -j + 1. Let x(k) = -4*h(k) - l(k). Suppose -2*a - 60 = -5*o, 6*a + 42 = 4*a - 4*o. What is the units digit of x(a)?
0
Suppose -2*c + 4 = -c, 0 = -j - 3*c + 30. Let p be 6/j + 83/3. Let z = 189 - p. What is the hundreds digit of z?
1
Let k(t) = 12*t - 62. Let n(v) = 4*v - 21. Let y(l) = 2*k(l) - 7*n(l). Suppose 0 = -4*x, 8*x = 2*z + 7*x + 32. What is the tens digit of y(z)?
8
Let a be -3 - (-4)/((-20)/(-15)). Suppose -3*j - 2*r + 110 = a, 3*r + 42 = j + r. What is the tens digit of j*(294/12)/7?
3
Let r(g) = g**3 - g**2 - g. Let n be r(2). Suppose -60 = -4*o + n*o. Suppose -c + 15 = q, 5*c + 39 + o = 3*q. What is the units digit of q?
8
Let j = 28 + 60. Let g = 94 - j. Suppose 2*h - g + 4 = 0. What is the units digit of h?
1
Suppose -3*n + 5*z + 55253 = 0, 3*z = -n + 22498 - 4113. What is the tens digit of n?
0
Let f = -13 - -16. Let d be (6/(-2))/(f/(-6)). Suppose -5*n - v = -d*v - 500, -280 = -3*n - 2*v. What is the tens digit of n?
9
Suppose 0 = -5*y + 6*i + 347538, 0 = -8*y + 4*y - 2*i + 278078. What is the tens digit of y?
1
Suppose 10*t + 308 = 88. What is the hundreds digit of 6*1 + -2 - (t + -209)?
2
Suppose 23 = -7*v + 8*v. Let g = -13 + v. Suppose -g*i + 48 = -9*i. What is the units digit of i?
8
Let i(z) = -z**3 + z**2 + 2*z - 2. Let l be i(4). Let p = l + 45. Suppose 0*t + 3*c = -t + 92, 3*c + 300 = p*t. What is the units digit of t?
8
Let q = -6892 - -18146. What is the units digit of q?
4
Suppose -31*a + 29*a - 2*f = -5262, 2*f = -2. What is the thousands digit of a?
2
Suppose 5*j - 34685 = 20675. Suppose -12*a - j = -20*a. What is the hundreds digit of a?
3
Let r = 4863 + -2718. What is the hundreds digit of r?
1
Suppose 55758 = 288*k - 283*k - 4*j, 2*k = 3*j + 22299. What is the tens digit of k?
5
Let n(l) = 2*l**3 - l**2 + 2*l + 2. Let q be n(-2). Let a = -49 - q. What is the tens digit of (a/(-6))/(2/44)?
9
Suppose -15855 + 226653 = 63*l. What is the units digit of l?
6
Let p(q) = 6*q - 32. Let v be p(5). Let o(u) = 251*u**2 + 9*u + 2. What is the units digit of o(v)?
8
Suppose -4*t + 23248 = -27408. What is the tens digit of t?
6
Suppose 19*d - 67455 = 1250822. What is the hundreds digit of d?
3
Let x = 13463 + -7711. What is the units digit of x?
2
Let f(s) = 22*s - 4 - 4*s**2 + 3*s**2 - 95*s + 41 - s**2. What is the hundreds digit of f(-12)?
6
Let g(l) = 11*l**2 + 8*l - 33. Let y(n) = n**3 - 5*n**2 + n + 9. Let s be y(3). What is the hundreds digit of g(s)?
3
Let k(u) be the first derivative of -u**3/3 + 41*u**2/2 - 34*u - 272. What is the tens digit of k(10)?
7
Let o(s) = 102*s**3 - 3*s**2 + 5*s - 2. Let l(k) = k**3 - 7*k**2 + 16*k - 14. Let v be l(4). What is the units digit of o(v)?
2
Let g = 56 + -44. Suppose -g*z = -19*z + 1666. Let m = -20 + z. What is the units digit of m?
8
Let b(i) be the second derivative of i**4/3 + 19*i**3/6 + 15*i**2/2 - 4*i - 16. Suppose -7*c - 32 = -3*c. What is the tens digit of b(c)?
1
Suppose 12*b - 16*b = -21*b + 442612. What is the tens digit of b?
3
Let t(k) = 10 - 29*k + 2*k**3 + 35*k**2 + 39*k - 12*k. What is the tens digit of t(-17)?
3
Let b(k) = 12*k - 17. Let y(q) = 4*q - 6. Let w(c) = -4*b(c) + 11*y(c). Let o be w(4). What is the tens digit of (-458)/o + 4/14?
3
Let p(j) = -16*j + 95. Let i be p(6). Let x(y) = -1850*y + 6. What is the thousands digit of x(i)?
1
Suppose 5*r - 4*x + 6686 + 3240 = 0, 2*r + 3976 = -4*x. Let w = -1359 - r. What is the units digit of w?
7
Suppose -39 - 185 = -4*z. Suppose z*p - 550 = 51*p. What is the tens digit of p?
1
Let b = -4140 - -18146. What is the units digit of b?
6
Let f = -2677 - -9040. What is the hundreds digit of f?
3
Let p(s) = 1370*s - 144. What is the ten thousands digit of p(24)?
3
Let j = -42 + 44. Suppose i - 9 = -f, -i + 5*f = -j*i + 9. Let n(x) = 15*x - 12. What is the tens digit of n(i)?
2
Suppose -23*p = -24*p - 414. Let r = p - -904. What is the hundreds digit of r?
4
Suppose 3*g = 3*i + 40350, 10*g + 3*i = 12*g - 26897. What is the ten thousands digit of g?
1
Let r(a) = 115*a - 8. Let w(k) = -81 - 80 + 162. Let q(z) = -2*r(z) - 14*w(z). What is the tens digit of q(-1)?
3
Let a = -154 - -1372. What is the units digit of a?
8
Suppose 88701 = 14*z + 58*z - 71355. What is the units digit of z?
3
Suppose 85*f - 39*f - 25806 = 0. Let q be (-4)/(-2) - (-7 - -376). Let u = q + f. What is the hundreds digit of u?
1
Let c(s) = 5*s**2 - 236*s + 40 + 239*s - 118. What is the hundreds digit of c(12)?
6
Let c(v) = 12*v - 5. Let o be (-4)/10*(0 - -5). Let t be -26*((-10)/4 - o) + 3. What is the tens digit of c(t)?
8
Let c be -2 + (48 - (0/3 - 3)). Let b = -43 + c. Suppose 0 = b*d - d - 125. What is the tens digit of d?
2
Let w(k) = 10653*k + 1641. What is the thousands digit of w(5)?
4
Suppose 0 = -m + 4*a - 514, 11*m + 3*a + 2524 = 6*m. What is the tens digit of (m/66)/((-1)/255)?
5
Let r(s) = -3*s**3 + 6*s**2 + 9*s + 19219. What is the hundreds digit of r(0)?
2
Let n be (-4)/12 + 39/9. Suppose 0 = 3*r - 2*v - 8, 3*r - n*v = v + 11. Suppose r*q + 3*k = 84, -q + 5*k + 4 = -25. What is the tens digit of q?
3
Let z(s) = -52*s + 90. Let w be z(2). Let g(j) = -2*j**3 - 24*j**2 - 56*j - 22. What is the hundreds digit of g(w)?
5
Let l(x) = 21*x - 179. Let y be l(12). Let m = 375 + y. What is the tens digit of m?
4
Let h(x) = x**3 - 5*x**2 - 5*x - 3. Let w be h(6). Suppose -w*f = 4*s - 140, s - 5*s + 132 = f. What is the units digit of (-614)/(-8) - (-8)/s?
7
Suppose -20 = 5*b, 3*b - b = 4*u - 32. What is the hundreds digit of u/8 + (-17039)/(-44)?
3
What is the thousands digit of 12 + 0/15 + 44591?
4
Let f(r) = -r**2 + 12*r - 22. Let y be f(9). Suppose -7 = -4*k + 13. Suppose k*m + 272 = 2*u + 68, y*u = -2*m + 481. What is the tens digit 